48.
47
34 + -26 + -1 + (11 - 11)
7
What is (57 - (104 - 41)) + -2 + -4 + 76?
64
Calculate -8 + 6 + (8 - (-15 - 48)) - 5.
64
Calculate -140 + 227 - (-12 - (4 - -8)).
111
Evaluate 71 + -72 - (5 - 1) - 63 - -4.
-64
-1414 + 1405 + ((0 - 1) + -1 + -71 - 1)
-83
What is the value of -2 + -11 + -55 + (-23 - (-41 + 22)) + -8?
-80
What is the value of -20 + 4 + -1 + 1 - (-69 - 40)?
93
Evaluate (39 - 6) + -34 + 0.
-1
Calculate -14 + 12 + 15 + -34 + -25.
-46
What is -26 - (-3 - 11) - (-12 + 6 - -1 - -18)?
-25
-12 - (-3 + -9 + 10) - (8 - 96)
78
Calculate 5 + -4 + -3 + -13 + 2 + (125 - 145).
-33
9 + 56 - (30 + -3 + 6)
32
What is the value of -13 + 12 - (7 + (-8 - -15 - 26) + 2)?
9
What is the value of (-85 - (3 + 0 + (-3 - -2))) + (13916 - 13909)?
-80
(24 - (13 + -11)) + 1 + -8 + 0 + -98
-83
What is 103 + -1 + (15 - -1) + (6 + -103 - -93)?
114
7 - (440 - 439 - (2 - 0))
8
Calculate -35 + 1 + -2 + -13 + 0 + -307 + 318.
-38
-14 - (20 + -14 - (1 + 15))
-4
Calculate 14 - (-38 + -42) - 52.
42
What is 2 + -2 + -25 - (-35 + 13) - -11?
8
(-17 + 9 + -9 - -18) + 2
3
What is the value of (-38 - -53) + -55 + -9?
-49
4 - (3 + (164 - 91))
-72
What is 143 + -150 + 11 + -1 + 16 + -17?
2
-5473 + 5475 - (-69 - 1)
72
Calculate (-13 - (42 + 8) - -57) + 0 + -41.
-47
What is the value of 461 + -507 + (0 - 30)?
-76
Evaluate -2 - (4 + -1 + 21 + -23) - 16.
-19
What is -25 - (-11 + 3 + 1 + (46 - 52) + 8)?
-20
Evaluate 65 - (33 + 17 - -3).
12
What is the value of 14 - (-27 + (16 - -40) - 51)?
36
Evaluate -45 + -24 + (185 - 72).
44
(-1 - -33) + -4 + 9 + (155 - 151)
41
What is -1 + (4 - (-2 - (-2 - 0))) + 2 - -31?
36
Evaluate -14 - ((-103 - (-1 - 2)) + (-21 - 23 - -59)).
71
10 + -39 + 7 + (-18 - -32) + 22
14
Calculate (23 + -43 - 32) + 21.
-31
What is the value of 0 + (13 - (10 + 1)) - ((7 - 2) + -1)?
-2
Calculate -19 + -6 - (-119 + 111) - 11.
-28
What is 14 - ((-10 - -68) + -32)?
-12
(-5 - -17) + (-42 - (-16 - (17 - 18)))
-15
Calculate 0 + 2 + -2 - (1 + -29) - (-20878 + 20888).
18
-8 + -4 + 1 + 4 + -18 + 32 - -27
34
What is the value of 33 + ((0 - -22) + -36 - -5)?
24
What is (-2 - (15 + -8 + -6 + 14)) + 60?
43
Calculate -134 - -65 - (-6 + 3 - 2).
-64
0 + 0 - (22 + 3 + -83)
58
What is 29 + (-60 - -144) + -210?
-97
What is the value of -20 - -3 - (1310 - 1338)?
11
99 + -37 - (23 - 2)
41
What is (9 - 7) + -1 + (2 - (2 + 6) - -6)?
1
What is 8 + -20 + (-12 - 0 - -3)?
-21
Evaluate (-10 - 1) + (-16 - -40 - -56) + (5 - 2).
72
What is the value of -31 - (40 + (42 - 61))?
-52
Evaluate 0 - -4 - (8 + (61 - (118 + -62))).
-9
What is the value of (80 + -115 - -267) + -102?
130
Calculate 36 - (19 - 21 - -20) - 3.
15
What is the value of 4 - (13 - -10 - 36) - 34?
-17
Calculate -38 + 20 + -50 - -62.
-6
Calculate (-58 - (-102 + 51)) + 10.
3
What is 195 + -133 + -108 - (3 - (6 - (1 - 4)))?
-40
(22 - (16 + -7)) + (-3 - 28)
-18
Calculate (-23 - -10) + 7 + 2 + 1 + -5 + -11.
-19
What is (-22 - 0) + (-150 - -161) - (-1 - -12)?
-22
Evaluate 48 + -1 - (-21013 + 21007).
53
Evaluate 0 + -4 - (9 + 4) - -31.
14
Calculate 6 + 0 + (-387 + 394 - (1 + -11)).
23
Calculate -27 + -14 + 1 + 10 - -19 - 45.
-56
Evaluate 1 + (23 - 31 - 30).
-37
What is (14 + -3 - (-7 - -4)) + (-215 - -133)?
-68
What is the value of 53 + (-10 - 31) + (1 + 17 - (-23 - -16))?
37
Evaluate (42 - 37) + (-2 + -1 - (87 - -21)).
-106
What is (-17 + -29 + 31 - -45) + 20?
50
-3 - (-1 - -4 - 12 - (-52 - -40) - 57)
51
What is the value of 97 + (-49 - 42) + -2 + -34?
-30
What is the value of (2 - -5 - -1) + 24 + 5 + -96 + 3?
-56
What is the value of (1 - -2) + (-10 + -26 - -35) - 4?
-2
18 + (-40 - (-15 + -8)) + -1 + 29
29
What is 5232 + -5336 - (-42 - 2)?
-60
Evaluate -5 + 1 + -7 + (29 - 20) - 20.
-22
What is the value of 40 + 63 + 20 - 47?
76
-35 + (10 - (7 + -1) - 0 - 17)
-48
What is the value of (43 - (22 + -10 - 10)) + (-21 - (17 + -27))?
30
-106 - (-8 + 49 + -93)
-54
Evaluate (40 - 45 - (-2 + -2 + 28)) + -9 + 11.
-27
Evaluate -346 + 330 - ((-18 - -67) + 1 + -7).
-59
What is 40 - (-49 + -6 - -48)?
47
What is the value of (101 - 120) + (11 - -11) + -4?
-1
What is the value of -5 + 71 + (-14 + 5 - 5)?
52
What is the value of -10 - -4 - 2 - (40 - 2)?
-46
What is the value of 136 + -23 + -41 - (-1 + 17)?
56
Calculate 92 + (-145 - (-118 - -63)).
2
(9 - -11) + 9 + -17 + -19
-7
(-11 - (-55 - 4) - 11) + -9 + -5
23
-13 + 41 + 11 + -30 - -38
47
Calculate (1 - 12) + -255 + 265 - (9 + -7).
-3
What is 75 - (-12 + (-24 - (-41 - 32)))?
38
What is 48 - (-62 + 55 + 18)?
37
Evaluate 11272 + -11357 - (0 - (39 + -2)).
-48
What is (0 + -17 - -14) + -5 - (9 - (4 - 5))?
-18
What is the value of 14 - (-8 - 3) - (42 - 33)?
16
Evaluate 16 + 7 + -100 - (-6 + 33).
-104
-14 + -3 + 6 + (-95 - -108) - (-1 - 2)
5
Evaluate -15 + (-98 - -109) + 77.
73
Calculate 322 + -239 - (16 + 76).
-9
-35 - (10 + 1) - (-5 + 3 + 7 - -6)
-57
What is 3171 - 3206 - (1 + -2 + 0 + 0 + -2)?
-32
Calculate 22 + 7 + (12 - 14 - 14).
13
What is the value of -3 + (11 + (10 - 4) - (-2 + 10))?
6
Evaluate (-43 - 3) + 603 + -573 - (16 - 3).
-29
(-3 - 3) + -11 - (-299 - -256)
26
What is the value of (10 - (-6 - -27)) + (74 - 55) + 6?
14
Evaluate 103 + -1 + 1 + -117 + (58 - -47).
91
What is the value of -29 - -28 - (-33 - (-4 + 5))?
33
What is the value of 5 - 2 - (-125 + 31 + 8 + 19)?
70
Calculate (-4 - (7 + -4)) + (6 - -7) + (-122 - -2).
-114
Evaluate 42 - -22 - (3 + (-9 - -16) + (-1 - -2)).
53
Calculate -10 + (123 - 133) + -1 + 22 + 4.
5
Evaluate (0 - -57) + 71 + (-49 - 35) - 1.
43
Calculate -3 + (-20 - (-3 - (4 - -6))) - (-24 - 0).
14
Calculate -12 + 35 + -30 + -25.
-32
Calculate -10 - ((-322 - -321 - (3 - (1 - 0))) + -2).
-5
29 - -8 - (-1 + 1 + -2 + 792 + -795)
42
Evaluate 19 + 4 + -19 + (6 + -4 - -54).
60
What is the value of -130 - ((-4 - -1) + 7 + -8 - (1099 - 1108))?
-135
(15 - -94) + (0 - 14) - (-7 - (-1 + 10))
111
Calculate -9 + -53 + -67 + 111.
-18
Evaluate (2 - 72) + -2 - (69 - 28 - (15 + 12)).
-86
What is the value of -19 + 12 + (-27 + 28 - -31)?
25
Calculate -11 - (-133 + (-20 - 22) + 27).
137
What is the value of 99 - -3 - (-1 - 1) - -6 - (33 + -24)?
101
Calculate -248 + 269 - (41 - (-1 - 1)).
-22
What is the value of 38 + 18 + -53 + -19?
-16
What is the value of -29 + 0 - 8 - 14?
-51
What is (-15 - -16) + 74 + -32 - -44?
87
Evaluate 0 + 2 + 10 - ((-183 - -302) + -194).
87
Calculate 89 + 21 + -15 - 83.
12
Evaluate (-241 - -134) + (-2 - -20) - (-2 + 15).
-102
What is the value of (47 - -7) + -1 - (-6 - 12 - -8 - -14)?
49
Calculate -61 - (-63 - -40 - 79).
41
What is 25 - (-4 + -17 - (-42 + 8))?
12
Calculate 5597 + -5580 - (1 - 2).
18
What is the value of (3 - -35) + 138 + -193?
-17
19 - (56 + -47 - 7)
17
(-4 - (-60 + 9)) + -33
14
Calculate -12 - (-140 - -46) - 134.
-52
What is (-16 + 0 - 0) + 488 + -415?
57
Evaluate -361 - -320 - (-3 + -23 + -5).
-10
Evaluate 1 + -1 + -8154 + 8134.
-20
-77 + (-29 - -42 - (-8 - -1 - (7 + -21)))
-71
What is 1 + 6 - 93 - (-29 + 43 - 11)?
-89
Evaluate 274 + -304 - (4 + 6 + -14 - 14).
-12
46 + -17 + 25 + (4 - (5 + 12))
41
Calculate 8 + (-88 - -11) + 66 + -66 + -5 + -2.
-76
What is 62 + -67 + (-6 - (-56 - -20))?
25
(-20 - 1) + 6 + 30 + -62 - 5
-52
Evaluate -5 + -85 + -46 + 60.
-76
What is 115 + -165 + -44 - (-1 - -2 - (-1 - 1))?
-97
117 + (-5 - 21) + 14 + (-3 - 11)
91
Evaluate -7 + (-33 - 14 - -10) - (-3 - -1).
-42
(1 + -5 - -15) + -22 - -33
22
What is the value of -11 + 2 + -3 + (18 - 2) + 34?
38
What is the value of (-5 - (-7 - -19)) + (1 - -8) - -9?
1
Calculate 0 + 0 + 13 + (18 - (-8 - -10)).
29
-40 - 1 - (4267 + -4288)
-20
Calculate 9 + 1 - (49 + -145 + 87).
19
What is (-89 - -138) + (-7 - 16)?
26
Evaluate -11 + -46 - (-12 + 3 + 0).
-48
Evaluate -56 + 50 + -7 + -4.
-17
80 + (-62 - -15) - 30
3
(-5 - (-5 - -2) - -106) + 508 + -510
102
What is the value of -7 - (-1 + 53) - (18 - (2 - -14))?
-61
What is -22 + 9 + (-8 - -69) + 4 - (10 - 7)?
49
What is 132 + 26 + -48 - 19 - (19 - 3)?
75
What is the value of 29 + 32 - 5 - (-6 + (-1 - 4))?
67
Evaluate (-30 - 8) + 223 + -179 - (31 - (-1 - -1)).
-25
63 - (21 + 11) - (5 + 34)
-8
What is the value of (-2 - -13 - (-46 - -17 - -46)) + 0 + 51?
45
Calculate (26 - -4) + -237 + 256.
49
What is (0 + -2 - -10) + 30 + (-16 + 12 - 2)?
32
Calculate 2 - (1 + -4) - (-4 + (28 - (3 + 51))).
35
Evaluate (-122 - 33 - -94) + 104.
43
Calculate 70 